= 300 + g. List the prime factors of j.
2, 11, 19
Let c(z) = -z**2 + 13*z - 29. Let n be c(9). Suppose 840 = -n*o + 4907. What are the prime factors of o?
7, 83
Let k = 2234 - 2271. Suppose -3*a + 120 = -30. Let p = a + k. What are the prime factors of p?
13
Let n = -1046 + 3108. Let g = n + -1096. List the prime factors of g.
2, 3, 7, 23
Let w(d) = 10*d**3 + 2*d**2. Suppose 0 = 3*a + 2*x - 66, -a + 17 = -x. Let o be (-6)/(-8) + 25/a. What are the prime factors of w(o)?
2, 11
Let u be (-33)/55 + 2522/(-5) + 2. Let d = u + 890. List the prime factors of d.
3, 43
Suppose 27121 = 21*n - 508587 + 42124. What are the prime factors of n?
2, 13, 113
Let a = -121 + 140. Let p = a - -145. List the prime factors of p.
2, 41
Suppose -o = -f + o - 299, 4*f + 5*o = -1157. Let y = 412 + f. What are the prime factors of y?
7, 17
Let t(l) = 6*l + 5. Let r be t(3). What are the prime factors of (-1 - -126) + (r - 24)?
2, 31
Let u(h) = -2*h + 25. Let q be u(11). What are the prime factors of 2*(426 + 21/q)?
2, 433
Suppose 5*v + 10 = -0*v. Let m(x) be the first derivative of -21*x**2/2 - 3*x + 32. What are the prime factors of m(v)?
3, 13
Let k = 416 - 391. List the prime factors of (-5)/k*-1101 - 8/(-10).
13, 17
Let j(i) = -4*i**3 - 24*i**2 - 41*i + 104. What are the prime factors of j(-27)?
7, 11, 811
Suppose -32*x = -62226 - 67694. What are the prime factors of x?
2, 5, 7, 29
Let v = 282 - 268. Let m = v + -7. List the prime factors of m.
7
Suppose -49668 = -3*h + 2*f, -h + 2*f + 11200 + 5360 = 0. List the prime factors of h.
2, 3, 31, 89
Suppose -2*m = -6*m + 488. Suppose x + 3*x = -5*n - 26, 2*n = 7*x + 24. List the prime factors of (m/(-4) + 3)*x.
2, 5, 11
Let b(y) = -10116*y**3 + 6*y**2 + 2*y + 1. What are the prime factors of b(-1)?
29, 349
Let g(x) = 6804*x**2 - 17*x + 17. List the prime factors of g(1).
2, 3, 7
Let p(m) = -47*m - 103 - 13 + 8. What are the prime factors of p(-16)?
2, 7, 23
Let v be 1/(-3) - 48/(-9). Suppose -19152 = v*g - 3*g. What are the prime factors of (g/(-30))/2 + (-2)/(-5)?
2, 5
Let f = 22927 - 14263. List the prime factors of f.
2, 3, 19
Let q be 25/3 + (-22)/66. Let c be -2*1*(6 - q). What are the prime factors of (24/10)/c - 492/(-5)?
3, 11
What are the prime factors of 49/84*5793 + 3/4?
2, 5, 13
Let h(l) = 125*l - 95*l - 2*l**2 + l**2 - 4*l**2 + 3*l**2 + 6. Let n = 11 + -6. List the prime factors of h(n).
2, 53
Suppose -5*w = 2*i + 98, 3*w + 66 = -0*w - 3*i. Let u be (12 - 11)*(2 - w). Suppose -y - 3 + u = 4*x, 5*y - 149 = -4*x. List the prime factors of y.
3, 11
Suppose -41*f - 86*f + 2492961 = 32*f. What are the prime factors of f?
15679
List the prime factors of -69*(-5)/(-45)*(-25425)/15.
5, 23, 113
Let l(o) = 2489*o**2 - 6*o + 7. What are the prime factors of l(3)?
2, 5, 2239
Let q(w) = w**3 - 8*w**2 - 1045*w - 2*w**2 + 45 + 512*w + 513*w. List the prime factors of q(15).
2, 3, 5, 29
Let d(k) = -k**3 + 16*k**2 - 5*k + 54. Let j be d(15). Let p = 249 - j. What are the prime factors of p?
3, 5
Let d(l) = l**2 - 19*l + 89. Let g be d(13). Let c(v) = 2*v**3 - 13*v**2 - 18*v + 14. List the prime factors of c(g).
5, 181
Let u = -2895 - -14409. What are the prime factors of u?
2, 3, 19, 101
Let l = -15708 + 35078. Suppose 6*o = -20*o + l. What are the prime factors of o?
5, 149
Let c = -614 + 622. Suppose -540 = -l - 2*u, 2655 = 5*l + 3*u - c*u. List the prime factors of l.
2, 3, 89
Let l = -548 - -34379. List the prime factors of l.
3, 7, 179
What are the prime factors of (-1107 - -4)/((-23)/161)?
7, 1103
List the prime factors of (-70161)/(((-11)/99*-6)/((-16)/36)).
2, 7, 13, 257
Suppose 5*i - 25 + 5 = 0. Suppose -3*m = -i*b, m = -5*b - 9 + 28. Suppose -b*a + 112 = 4*a. What are the prime factors of a?
2
Let y(u) = -u**3 + 10*u**2 - 14*u + 23. Let j be y(5). Suppose j*i - 524 = 76*i. List the prime factors of i.
2, 131
Suppose -5*c + 15 = -3*c + i, -5*i - 5 = 0. Suppose -c*p + 20*p - 7824 = 0. List the prime factors of p.
2, 163
Suppose -16*p = -33 - 47. Suppose 4725 = 5*s - p*q, -4909 + 154 = -5*s - 5*q. List the prime factors of s.
2, 3, 79
Let w = 66 + -38. Suppose -w*t = -31*t + 18. Suppose t*u - 4*u - 8 = 0. What are the prime factors of u?
2
Suppose c - 5 = l, 10*c - 21 = 6*c + 5*l. Suppose -2*h = -5*p + 2829, -h = -c*h - 6. List the prime factors of p.
5, 113
Let z(b) = 848*b - 338. List the prime factors of z(4).
2, 3, 509
Suppose -333*v + 352*v - 6909 = 30616. What are the prime factors of v?
5, 79
Let y be (1 + 8)*((9 - 1) + -7). Suppose -y*t - 810 = -4*t. Let g = t + 325. What are the prime factors of g?
163
Let p = 58 - 52. Suppose -21 = p*d + 3. Let w(b) = 6*b**2 + 2*b + 10. List the prime factors of w(d).
2, 7
What are the prime factors of (-11898 + 254)/(2/(-8))?
2, 41, 71
Suppose -p - 3*p + 568 = 0. Suppose p = -5*n + 3*y, 5*n + 7*y + 110 = 2*y. Let g = n + 37. List the prime factors of g.
11
Let a(r) be the third derivative of -r**6/120 - r**5/60 + 3*r**4/8 + 16*r**3/3 - 13*r**2 + 2. List the prime factors of a(-4).
2, 11
Let h = -114 + 135. Suppose -h*k + 8432 = -4*k. What are the prime factors of k?
2, 31
Suppose -21*y + 21568 = 7435. Let p = y - 81. What are the prime factors of p?
2, 37
Let n be 6/(-48)*10*(8 + -4). Let b(w) = -96*w - 18. List the prime factors of b(n).
2, 3, 7, 11
Let m(k) = -k**3 + 57*k**2 - 76*k + 2353. List the prime factors of m(40).
26513
Let r(v) = -24 + 36*v + 29 - 55. What are the prime factors of r(9)?
2, 137
Let h(z) = 116*z**2 - 74*z + 541. List the prime factors of h(7).
13, 439
Let z(l) = -1417*l + 149. List the prime factors of z(-6).
41, 211
Let x(f) = f**3 + f**2 - f - 1. Let l(i) = i**3 + 5*i**2 - 11*i + 27. Let y(m) = -l(m) + 2*x(m). What are the prime factors of y(11)?
2, 3, 173
Suppose -3*l + 182 = 2*d, 0*d = 4*l - 4*d - 256. Let q = 22 + l. What are the prime factors of (-3 - -7) + q/2?
2, 23
Suppose 2*r - o - 31 = 0, -2*r + 2*o = -21 - 9. Suppose r*w + 3087 = 23*w. List the prime factors of w.
3, 7
List the prime factors of (-64383795)/(-1485) - 20/(-22).
191, 227
Let l(b) = b**2 + 63*b - 119. Let h(v) = -3*v**2 - 63*v + 118. Let t(i) = -2*h(i) - 3*l(i). What are the prime factors of t(25)?
421
Let n(l) = -l**3 + 2*l**2 + 2*l + 4. Let b be n(3). Suppose -8 = -3*d - 2*o, 2*d + 3*o = 8 - b. List the prime factors of d.
2
Let h(r) = r**2 + 21*r - 48. Let g be h(-24). Let k be (-8)/((-1)/(-12)*(-18)/g). Let f = k + -97. List the prime factors of f.
31
Let w = 49 - 25. Let h be w + -2 + (-5 - -3). Suppose 0*v - 266 = -5*k + v, -h = -5*v. List the prime factors of k.
2, 3
Suppose 2*d + 0*d - 5*r = 2, -2*d = -2*r - 2. Suppose -281 = -w + d. Let i = 407 - w. List the prime factors of i.
5
Suppose 0 = -4*n - 5*t - 1703 - 605, 2*n = 5*t - 1184. Let q = -102 - n. Suppose -q = -5*c + 15. List the prime factors of c.
3, 11
Let w be ((-2786)/(-10) - -2) + (-2)/(-5). Let j = w - 50. What are the prime factors of j/22*14/3?
7
Let s = 398 - 624. Let q(n) = -3*n**2 - 5*n + 1. Let o be q(5). Let r = o - s. List the prime factors of r.
127
Suppose -70 = 2*j - 2*n, 3*j + 121 = -0*j - n. Let z = j - -132. Let t = z + -32. List the prime factors of t.
61
Suppose 5*o + 9*r - 128595 = 5*r, -5*o = -5*r - 128550. What are the prime factors of o?
5, 37, 139
Suppose 475*y - 420616 = 80*y - 170976. List the prime factors of y.
2, 79
Let w(o) = -4761*o**3 + 3*o**2 + 7*o + 3. List the prime factors of w(-1).
2, 5, 7, 17
Suppose 0 = 5*j + t + 112, 3*j = 3*t - 45 - 33. Let c be (-2)/((-6)/(-3)) + (0 - j). List the prime factors of 11/c*2*263.
263
List the prime factors of 7772 - (5 - (-6 + 18)).
3, 2593
Let h be ((-276)/(-30) - 8) + (-508)/(-10). Suppose h*y = 7846 + 15086. What are the prime factors of y?
3, 7
Let b(p) = 59*p - 57. Let y be b(-9). List the prime factors of (-4 - (-9)/3)/(2/y).
2, 3, 7
Let w(a) = a**3 + 17*a**2 + 13*a - 59. Let l be w(-17). List the prime factors of ((-3)/(-2))/((-30)/l).
2, 7
Suppose -10*y - 17*y + 145434 + 136797 = 0. What are the prime factors of y?
10453
Let i(d) = -d. Let q(m) = 12*m + 208. Let w(j) = i(j) + q(j). What are the prime factors of w(19)?
3, 139
Suppose 6929 = 30*b - 91. List the prime factors of b.
2, 3, 13
Let a be 15/(-4)*(-4 - 12). Suppose -55*o = -a*o + 10. What are the prime factors of (o + -1)/2 + (-281)/(-2)?
3, 47
Suppose -5*g + 2*l -